302201303 - 2?
30231302201301
In base 14, what is 5a76 + 20b2?
7b48
In base 13, what is -1 + 37769ca?
37769c9
In base 5, what is 100322204 - 34112?
100233042
In base 12, what is -2097bb7 - -15?
-2097ba2
In base 16, what is -d8 - 26946f?
-269547
In base 8, what is -5 - -4473576?
4473571
In base 8, what is 6115 - 22500?
-14363
In base 4, what is 11 - -13013010131?
13013010202
In base 2, what is 11101111001011111110000000 + -100?
11101111001011111101111100
In base 8, what is 320 - -76626?
77146
In base 14, what is -2d3cd6 - -b8?
-2d3c1c
In base 5, what is -222201101 + 0?
-222201101
In base 15, what is 41e05 + a0?
41ea5
In base 6, what is 2151514251 - 11?
2151514240
In base 12, what is -15 - -8a1431?
8a1418
In base 16, what is -bcc88b - -2?
-bcc889
In base 11, what is 24956 - 10161?
147a5
In base 15, what is -2 + 10c30c?
10c30a
In base 4, what is 1310011302302 - 10?
1310011302232
In base 5, what is 3 - -221101042?
221101100
In base 15, what is -42e3 + 5a6?
-3c3c
In base 14, what is -ad8 - 3b90?
-4888
In base 10, what is -15 - 4747805?
-4747820
In base 11, what is -861 - -339?
-523
In base 7, what is -45005311 - 5?
-45005316
In base 6, what is -55251020 - 4?
-55251024
In base 9, what is 5 + -87651042?
-87651036
In base 4, what is -112331113 - 121131?
-113112310
In base 15, what is 2cc + 49877?
49b54
In base 8, what is 2572565213 + -3?
2572565210
In base 6, what is 233054 - -254300?
531354
In base 11, what is 2022 + 19a0?
3a12
In base 11, what is 2379 - 1206?
1173
In base 2, what is 101 - 10110110100101110001010111000?
-10110110100101110001010110011
In base 3, what is -11002110020 + -20202201?
-11100012221
In base 12, what is 13701358 - -2?
1370135a
In base 16, what is -a + 24482?
24478
In base 2, what is -110101 + -1101001110001010111000?
-1101001110001011101101
In base 16, what is -6c4a23 - -6?
-6c4a1d
In base 5, what is 301134 + 333?
302022
In base 6, what is -52454 - 3133?
-100031
In base 10, what is 20259650 - 1?
20259649
In base 3, what is 122 - 202101011112111?
-202101011111212
In base 8, what is 214 + 415171?
415405
In base 14, what is -a0 - -88192?
880d2
In base 3, what is 12 - 11010001210111?
-11010001210022
In base 5, what is 22300114434 + 10?
22300114444
In base 13, what is -7a389b - -4?
-7a3897
In base 7, what is 34656 + 222?
35211
In base 14, what is -19554 - 17a1?
-1ad15
In base 3, what is -110 + -12211000221012?
-12211000221122
In base 14, what is -2a5b0a - -9?
-2a5b01
In base 14, what is 134145 + -a5?
134080
In base 14, what is d7 - 7991?
-7898
In base 6, what is 4 + 201412011?
201412015
In base 12, what is -49a3062 - -8?
-49a3056
In base 7, what is -1110 + 20354?
16244
In base 11, what is 1 + 799014?
799015
In base 14, what is a825a - -40c?
a8668
In base 16, what is 2 - -5c900ce?
5c900d0
In base 15, what is ce9 + -3e29?
-3130
In base 2, what is -1101011 + -1011000100?
-1100101111
In base 2, what is -1100110110000110001110 + -11?
-1100110110000110010001
In base 11, what is 41188394 - -1?
41188395
In base 13, what is -2a56 + -4bc?
-3245
In base 14, what is 51 - 335b82?
-335b31
In base 15, what is 672e + -1a9?
6575
In base 16, what is 29e + -2ba7?
-2909
In base 13, what is -54 + c13b0?
c1359
In base 11, what is -31686 + 96?
-315a0
In base 10, what is -10742 + -2640?
-13382
In base 4, what is -20302200022 - -1?
-20302200021
In base 16, what is -2c0 + -8b13?
-8dd3
In base 13, what is 64 - 30c641?
-30c5aa
In base 6, what is -13131 + -2122405?
-2135540
In base 13, what is -628010 - -45?
-627c98
In base 7, what is -411 - 1316102?
-1316513
In base 2, what is 101 - -11011010101111101001111?
11011010101111101010100
In base 13, what is 2 - -16484859?
1648485b
In base 11, what is -83978 - -152?
-83826
In base 11, what is 16127a - -7a?
161349
In base 2, what is 110100010000010011 + -11010011100?
110011110101110111
In base 2, what is 11 + 10000001001100111100110111?
10000001001100111100111010
In base 16, what is 11fbe83 + -f?
11fbe74
In base 2, what is -1 + 1110111011100001111111?
1110111011100001111110
In base 15, what is -1097 - -d75?
-222
In base 4, what is 122230 + -22030?
100200
In base 13, what is 1132b1 - -628?
113909
In base 9, what is -1118 - 58444?
-60563
In base 10, what is 1693 + 1045?
2738
In base 6, what is 11005025022 + -5?
11005025013
In base 3, what is 11211020212 - -10210021?
11222001010
In base 14, what is -75b - 13598?
-13d15
In base 15, what is 47 + 5692a?
56972
In base 13, what is 1b81 + 702?
2583
In base 16, what is 1 - -13cfa975?
13cfa976
In base 8, what is -426302 + 201?
-426101
In base 16, what is 1c030 + -ac2?
1b56e
In base 6, what is -1004054502 + 1?
-1004054501
In base 4, what is -212210303 + 30133?
-212120110
In base 10, what is 3 + 6736677?
6736680
In base 2, what is 10011110001010001 + -1011101?
10011101111110100
In base 11, what is -36 - 199a19?
-199a54
In base 9, what is 47108 + 312?
47421
In base 13, what is 5a3 - -134?
707
In base 16, what is a2034 + -15?
a201f
In base 4, what is 2110322 - -201100?
2312022
In base 15, what is -76c + 5a3d?
52c1
In base 12, what is -5b3a2 + 26?
-5b378
In base 7, what is 2020254040 + -4?
2020254033
In base 6, what is 4515 + 520200?
525115
In base 12, what is -674 - -a8276?
a7802
In base 5, what is -130 + 324333341?
324333211
In base 14, what is 4 - -8baa13?
8baa17
In base 9, what is -745338 - -613?
-744625
In base 5, what is -31214422120 + 13?
-31214422102
In base 3, what is -111 - 1102012002221?
-1102012010102
In base 15, what is -8 - -5a561?
5a558
In base 10, what is 26209 + -103?
26106
In base 7, what is 212223 - 6630?
202263
In base 5, what is 21043 + -22022120?
-22001022
In base 11, what is 1 + -56a74922?
-56a74921
In base 14, what is 1693ab + 5?
1693b2
In base 12, what is 14792 - a212?
6580
In base 5, what is 3 + -122223200?
-122223142
In base 8, what is 7 - -25253033?
25253042
In base 12, what is 2385 + -1917?
66a
In base 16, what is -5 - 4047fe?
-404803
In base 12, what is 4 + -3124974?
-3124970
In base 8, what is 173 + -10520?
-10325
In base 3, what is -100220211021202 - 11?
-100220211021220
In base 13, what is -c4c7c - -654?
-c4628
In base 12, what is 488 + -415a?
-3892
In base 13, what is -6b7 + 98931?
98247
In base 2, what is -10101111010111111111110011 + -11011?
-10101111011000000000001110
In base 11, what is 184560 - 13?
184548
In base 14, what is 424d0 - 1b?
424b3
In base 13, what is -2b5b1 + -826?
-2c107
In base 4, what is -1120311 + -101113332?
-102300303
In base 16, what is -d3685 + d1?
-d35b4
In base 13, what is -3671cb + 2?
-3671c9
In base 4, what is -3 - -22021310021?
22021310012
In base 3, what is -11022001020210 + -210?
-11022001021120
In base 10, what is -10570498 + 3?
-10570495
In base 11, what is 82485 + 1078?
83552
In base 15, what is -326 + 4a12?
46db
In base 11, what is -3 + -16a27a57?
-16a27a5a
In base 10, what is -10648 - 1696?
-12344
In base 13, what is -14028c62 - 4?
-14028c66
In base 12, what is -8a193 + -14?
-8a1a7
In base 15, what is 26569 + -1d?
2654b
In base 12, what is 1b21a8 - 18?
1b2190
In base 13, what is 0 + 3b16a1?
3b16a1
In base 12, what is -b0 - 9372?
-9462
In base 11, what is 5769520 - -2?
5769522
In base 12, what is 6b150 - 12?
6b13a
In base 3, what is -101212 + 2121121211202?
2121121102220
In base 15, what is -a0705a + -10?
-a0706a
In base 13, what is -4ac + 617?
138
In base 12, what is 611 - 2979?
-2368
In base 11, what is -16565 + 4936?
-1172a
In base 12, what is -1a0bb + 4297?
-15a24
In base 13, what is -1b0 - -16618c?
165cac
In base 3, what is -10010121102001122 + -11?
-10010121102001210
In base 6, what is -4004122 + -41?
-4004203
In base 11, what is -9a0789 + -87?
-9a0865
In base 15, what is -2 - 36d73a5?
-36d73a7
In base 8, what is 2114 - 1421173?
-1417057
In base 12, what is -4254 - -88a9a?
84846
In base 13, what is -1a323 - 7c3?
-1ab16
In base 4, what is -311 + -30022121232?
-30022122203
In base 10, what is 153943 + -4475?
149468
In base 13, what is -9865 + 3b8?
-947a
In base 11, what is 581452 - -63?
581505
In base 15, what is -2a35 + -148c0?
-17405
In base 12, what is -a789745 - 1?
-a789746
In base 16, what is 110a28ce + 3?
110a28d1
In base 15, what is 2c810 - bb?
2c744
In base 7, what is -104 - -2044640?
2044533
In base 16, what is -5e3247 + da?
-5e316d
In base 12, what is -4 - 8a717b?
-8a7183
In base 4, what is 1 - 